vided by 340?
42
What is the remainder when 21488472 is divided by 25612?
4
What is the remainder when 26569353 is divided by 331?
314
Calculate the remainder when 229388 is divided by 837.
50
What is the remainder when 343459707 is divided by 242?
239
Calculate the remainder when 40648 is divided by 3146.
2896
Calculate the remainder when 1213408 is divided by 425.
33
Calculate the remainder when 949997 is divided by 59373.
29
What is the remainder when 4203856 is divided by 300?
256
What is the remainder when 3512959000 is divided by 59?
57
What is the remainder when 4171997 is divided by 63212?
5
What is the remainder when 574059 is divided by 283265?
7529
Calculate the remainder when 237364 is divided by 59193.
592
What is the remainder when 2045319 is divided by 17333?
25
Calculate the remainder when 8667720 is divided by 59.
30
Calculate the remainder when 2550382 is divided by 182162.
114
Calculate the remainder when 779793110 is divided by 8.
6
What is the remainder when 54835865 is divided by 1021?
1018
Calculate the remainder when 2255824 is divided by 2972.
76
What is the remainder when 3383 is divided by 1704?
1679
What is the remainder when 288807 is divided by 11374?
4457
Calculate the remainder when 3059 is divided by 21.
14
What is the remainder when 637181 is divided by 3500?
181
Calculate the remainder when 3903707 is divided by 13697.
62
What is the remainder when 464798 is divided by 1685?
1423
What is the remainder when 234780 is divided by 46?
42
What is the remainder when 410497 is divided by 250?
247
What is the remainder when 67556 is divided by 1351?
6
Calculate the remainder when 33520443 is divided by 779545.
8
Calculate the remainder when 10522510 is divided by 1533.
1531
What is the remainder when 246536444 is divided by 49?
0
Calculate the remainder when 169070 is divided by 15287.
913
What is the remainder when 44695 is divided by 1721?
1670
Calculate the remainder when 171727502 is divided by 163.
156
Calculate the remainder when 174614 is divided by 1977.
638
What is the remainder when 7106238 is divided by 4854?
4836
What is the remainder when 40779145 is divided by 274?
273
What is the remainder when 388020 is divided by 193995?
30
Calculate the remainder when 38870 is divided by 4809.
398
Calculate the remainder when 649090 is divided by 34131.
601
Calculate the remainder when 613495 is divided by 153369.
19
Calculate the remainder when 284429713 is divided by 68.
61
What is the remainder when 59724 is divided by 1266?
222
What is the remainder when 418073 is divided by 139306?
155
What is the remainder when 3554635 is divided by 443?
3
What is the remainder when 643516999 is divided by 14?
13
What is the remainder when 1220909 is divided by 806?
625
Calculate the remainder when 54498739 is divided by 214.
1
What is the remainder when 3748443 is divided by 1012?
1007
Calculate the remainder when 239376 is divided by 1575.
1551
Calculate the remainder when 174736 is divided by 174397.
339
Calculate the remainder when 105532 is divided by 1406.
82
Calculate the remainder when 1309805 is divided by 218184.
701
What is the remainder when 380005 is divided by 217?
38
What is the remainder when 2505964 is divided by 805?
804
What is the remainder when 936571 is divided by 10888?
203
Calculate the remainder when 3200776 is divided by 5.
1
What is the remainder when 39843536 is divided by 39843513?
23
What is the remainder when 2463371 is divided by 461?
248
Calculate the remainder when 135819708 is divided by 292.
288
Calculate the remainder when 455980 is divided by 455081.
899
Calculate the remainder when 63658460 is divided by 418.
404
What is the remainder when 1602890 is divided by 101?
20
Calculate the remainder when 1847544 is divided by 256.
248
Calculate the remainder when 3619694 is divided by 19.
4
Calculate the remainder when 23005167 is divided by 193.
146
What is the remainder when 302736 is divided by 84?
0
Calculate the remainder when 3850873 is divided by 9.
7
Calculate the remainder when 2802244 is divided by 550.
544
What is the remainder when 132685 is divided by 348?
97
What is the remainder when 1554199 is divided by 310839?
4
What is the remainder when 749593 is divided by 14414?
65
What is the remainder when 1272414 is divided by 50?
14
What is the remainder when 587738 is divided by 15?
8
What is the remainder when 368206 is divided by 8365?
146
Calculate the remainder when 446644 is divided by 1148.
72
Calculate the remainder when 852746 is divided by 426367.
12
Calculate the remainder when 5473007 is divided by 228037.
119
Calculate the remainder when 2923031 is divided by 1364.
1343
What is the remainder when 644551 is divided by 1064?
831
Calculate the remainder when 97071 is divided by 48484.
103
Calculate the remainder when 293333 is divided by 17250.
83
What is the remainder when 7476760 is divided by 1869115?
300
What is the remainder when 47143 is divided by 8286?
5713
Calculate the remainder when 37198 is divided by 11307.
3277
What is the remainder when 4422912 is divided by 316?
176
Calculate the remainder when 10497964 is divided by 8859.
49
What is the remainder when 95482 is divided by 120?
82
What is the remainder when 3213445 is divided by 74730?
55
Calculate the remainder when 32454174 is divided by 13.
12
What is the remainder when 34567 is divided by 1385?
1327
What is the remainder when 455614 is divided by 2902?
0
Calculate the remainder when 481285 is divided by 160308.
361
Calculate the remainder when 27079019 is divided by 404164.
31
Calculate the remainder when 3025477 is divided by 756367.
9
Calculate the remainder when 1299745 is divided by 785.
570
Calculate the remainder when 25418800 is divided by 12709350.
100
What is the remainder when 1360544 is divided by 1582?
24
Calculate the remainder when 51980 is divided by 17292.
104
Calculate the remainder when 693417 is divided by 66.
21
What is the remainder when 2208357 is divided by 6837?
6
Calculate the remainder when 501116 is divided by 8655.
7781
What is the remainder when 1698601 is divided by 566184?
49
What is the remainder when 5237350 is divided by 362?
296
Calculate the remainder when 240261804 is divided by 622.
620
What is the remainder when 42634 is divided by 2108?
474
Calculate the remainder when 4838356 is divided by 580.
576
What is the remainder when 935002 is divided by 311417?
751
What is the remainder when 19223 is divided by 8591?
2041
What is the remainder when 16401924 is divided by 43?
4
Calculate the remainder when 1400744 is divided by 22229.
317
What is the remainder when 1300777 is divided by 837?
79
Calculate the remainder when 1976604 is divided by 203.
196
What is the remainder when 15799 is divided by 402?
121
Calculate the remainder when 47540294 is divided by 2133.
2123
What is the remainder when 11769049 is divided by 65?
19
Calculate the remainder when 4474765 is divided by 119.
8
What is the remainder when 638530 is divided by 90406?
5688
What is the remainder when 2010378 is divided by 879?
105
What is the remainder when 576356 is divided by 3303?
1634
Calculate the remainder when 2543628 is divided by 1007.
953
Calculate the remainder when 777181 is divided by 45716.
9
Calculate the remainder when 82579 is divided by 41162.
255
Calculate the remainder when 13183214 is divided by 2673.
2651
What is the remainder when 20265145 is divided by 873?
196
What is the remainder when 1779524 is divided by 1779513?
11
What is the remainder when 123110 is divided by 1464?
134
What is the remainder when 5174939 is divided by 1724977?
8
Calculate the remainder when 674643 is divided by 15686.
145
Calculate the remainder when 9821572 is divided by 17.
9
What is the remainder when 446874 is divided by 705?
609
What is the remainder when 12469480 is divided by 141?
4
Calculate the remainder when 901728 is divided by 34.
14
What is the remainder when 871927 is divided by 871884?
43
Calculate the remainder when 2543913 is divided by 847965.
18
What is the remainder when 844823 is divided by 76716?
947
What is the remainder when 374497409 is divided by 2679?
2678
Calculate the remainder when 27729176 is divided by 28.
20
Calculate the remainder when 1803159 is divided by 4981.
37
Calcul